 4*f**3 + 37*f**2 + 30*f - 42. Determine b(-7).
189
Let i(x) = -535*x + 36863. What is i(70)?
-587
Let k(s) = -1125*s - 306186. Determine k(-272).
-186
Let y(r) = r**3 - 36*r**2 - 127*r + 379. Give y(39).
-11
Let p(j) = 87581*j - 262759. Calculate p(3).
-16
Let a(c) = 289*c + 8437. Calculate a(-29).
56
Let n(y) = 2*y**2 + 428*y + 12980. Give n(-29).
2250
Let p(f) = -31*f**3 + 209*f**2 - 141*f - 12. What is p(6)?
-30
Let f(y) = y**3 + 34*y**2 - 560*y - 2925. Calculate f(-45).
0
Let p(a) = -77293*a - 2473398. Calculate p(-32).
-22
Let p(y) = 15*y**2 - 2827*y + 30440. Determine p(177).
-4
Let f(s) = 40362*s - 40391. Give f(1).
-29
Let j(o) = -13*o**3 + 291*o**2 + 180*o + 97. Calculate j(23).
5
Let q(c) = -7*c**2 + 111*c - 1253. Determine q(10).
-843
Let h(b) = -140*b**2 - 200627*b - 10021. What is h(-1433)?
10
Let n(l) = -l**3 + 20*l**2 - 1979*l - 8362. Give n(-4).
-62
Let w(f) = 636*f - 6478. Give w(10).
-118
Let x(q) = 88*q**2 - 2733*q + 323. What is x(31)?
168
Let q(b) = -176*b - 37759. Give q(-215).
81
Let t(c) = 2*c**2 - 558*c - 47356. Determine t(-68).
-164
Let t(l) = l**2 + 411*l - 129. Determine t(0).
-129
Let s(n) = -1741*n + 47021. Calculate s(27).
14
Let u(o) = 49729*o + 248627. Give u(-5).
-18
Let n(q) = -q**3 - 110*q**2 + 107*q - 708. Determine n(-111).
-264
Let r(x) = x**3 + 6*x**2 + 4*x + 21. Give r(-7).
-56
Let s(p) = -p**3 + 19*p**2 + 473*p + 1754. Give s(-9).
-235
Let c(a) = 3*a**2 - 13549*a - 54226. Calculate c(-4).
18
Let u(l) = -l**3 - 26*l**2 + 130*l + 3319. What is u(-25)?
-556
Let t(v) = 4*v**3 - 352*v**2 - 3092*v - 154. Calculate t(-8).
6
Let d(q) = -22*q**2 - 456*q + 2069. Determine d(4).
-107
Let q(p) = -p**2 - 63*p + 291. What is q(-21)?
1173
Let w(g) = -g**2 + 1520*g + 62581. Give w(-42).
-3023
Let v(u) = -u**3 - 501*u**2 - 41291*u - 1009. What is v(-397)?
182
Let u(v) = -81*v**2 - 72*v - 194. What is u(-3)?
-707
Let a(v) = -v**3 - 42*v**2 + 27119*v - 529. Determine a(145).
51
Let b(k) = -2*k**2 + 187*k - 757. Calculate b(89).
44
Let s(j) = 20*j**2 + 32*j - 44. Give s(-3).
40
Let b(l) = l**3 - 760*l**2 - 3740*l - 64961. Give b(765).
64
Let m(w) = 11597*w + 301088. Give m(-26).
-434
Let k(s) = -3*s**3 + 10*s**2 - 487*s - 3522. Calculate k(-7).
1406
Let v(j) = -j**3 + 181*j**2 + 660*j - 53811. What is v(183)?
-9
Let b(x) = 8820*x**2 - 61721*x - 7. What is b(7)?
126
Let t(x) = -27*x**2 + 1885*x + 4254. Give t(72).
6
Let i(v) = -658*v + 54556. Calculate i(83).
-58
Let i(r) = -1302*r - 49029. What is i(-39)?
1749
Let p(z) = 4*z**3 - 129*z**2 - 738*z + 7. What is p(-5)?
-28
Let j(p) = p**2 - 413*p + 38858. Determine j(145).
-2
Let m(r) = 17*r**3 + 2*r**2 - 199*r - 976. Give m(-6).
-3382
Let k(m) = 62*m**2 - 7529*m - 4291. What is k(122)?
-21
Let n(m) = m**3 + 5*m**2 - 29*m - 2106. Determine n(12).
-6
Let g(n) = n**2 + 1212*n + 9638. Determine g(-8).
6
Let f(l) = -3*l**3 + 6*l**2 + 322*l - 1613. What is f(5)?
-228
Let u(q) = 5063*q - 1204989. Give u(238).
5
Let p(i) = 261*i**3 - 9*i**2 + 18*i + 16. Give p(-1).
-272
Let v(s) = 3*s**2 - 1837*s - 145556. Calculate v(-71).
-6
Let t(z) = z**3 + 57*z**2 + 792*z - 242. What is t(-30)?
298
Let s(z) = 810*z**2 + 802*z + 801. Calculate s(-1).
809
Let b(r) = -23821*r - 48964. Give b(-2).
-1322
Let f(o) = -12*o**2 - 42*o - 144. Determine f(10).
-1764
Let a(f) = 148015*f + 3108289. Give a(-21).
-26
Let n(s) = -2*s**3 - 152*s**2 - 572*s - 370. Calculate n(-72).
-658
Let z(s) = -7*s**3 + 104*s**2 - 45*s - 542. Give z(14).
4
Let p(b) = -112*b**2 - 2109*b - 5101. Determine p(-16).
-29
Let u(j) = 29*j**2 + 1700*j + 12953. Give u(-9).
2
Let t(f) = -2383*f + 764955. Calculate t(321).
12
Let s(m) = 117928*m + 4952969. What is s(-42)?
-7
Let s(o) = -o**2 + 1564*o - 268110. Give s(196).
18
Let p(d) = 16*d**2 + 88334*d + 88332. Calculate p(-1).
14
Let f(d) = -230*d - 5533. Determine f(-24).
-13
Let y(x) = 2*x + 118. Give y(-28).
62
Let w(l) = -l**3 - 32*l**2 + 54*l - 116. Determine w(-31).
-2751
Let r(u) = -28*u**3 + 1147*u**2 + 137*u - 3951. Give r(41).
-15
Let j(u) = -861*u**2 + 5135*u - 13. Determine j(6).
-199
Let m(f) = 1306*f - 97936. Determine m(75).
14
Let h(z) = -3*z**2 + 65*z - 308. Determine h(13).
30
Let o(j) = 693*j - 10765. Determine o(14).
-1063
Let p(c) = -361*c + 564. Calculate p(7).
-1963
Let s(q) = -3*q**2 - 333*q + 60406. Determine s(-208).
-122
Let w(u) = 155*u - 1133. Give w(8).
107
Let g(p) = -507*p**3 + 1390*p + 1390. Calculate g(-1).
507
Let t(c) = 9*c**2 + 1215*c - 15889. Give t(-147).
-13
Let y(n) = -54*n**2 + 3300*n - 9757. Give y(58).
-13
Let p(c) = 243*c**3 + 4*c**2 + 21*c + 4. Give p(-2).
-1966
Let k(l) = l**3 + 44*l**2 - 28*l + 7814. Calculate k(-48).
-58
Let c(f) = -f**2 + 15427*f + 4605957. Determine c(-293).
-3
Let f(u) = -240*u**2 + 32396*u + 274. Give f(135).
-266
Let p(w) = 1019*w - 233043. Give p(229).
308
Let l(n) = 844*n + 42191. Calculate l(-50).
-9
Let w(k) = 15305*k - 474443. Determine w(31).
12
Let r(b) = -63376*b + 760436. Give r(12).
-76
Let z(r) = r**2 + 526*r - 41102. Determine z(69).
-47
Let v(i) = i**2 - 114*i + 3441. Give v(51).
228
Let s(u) = 2*u**2 - 4112*u + 312362. Calculate s(79).
-4
Let j(q) = -10*q**3 + 2*q**2 + q - 241. Give j(0).
-241
Let n(i) = 2024*i - 570868. Calculate n(282).
-100
Let t(q) = -52163*q + 4173034. Calculate t(80).
-6
Let m(h) = -204608*h - 409056. Give m(-2).
160
Let p(m) = 979462*m - 29383865. Determine p(30).
-5
Let m(a) = 57973*a - 58215. Give m(1).
-242
Let q(o) = 2*o**2 + 622*o - 6748. What is q(11)?
336
Let l(s) = 5*s**3 - 2088*s**2 - 844*s + 3382. Determine l(418).
38
Let p(g) = 3*g**2 - 389*g + 3563. Calculate p(10).
-27
Let u(p) = -p**3 - 6*p**2 + 80*p + 278. Calculate u(-12).
182
Let i(h) = 2*h**2 - 115*h - 1064. Determine i(57).
-1121
Let y(k) = -k**3 - 3*k**2 - 690*k - 2777. Give y(-4).
-1
Let b(m) = 9*m**2 + 230*m + 359. Determine b(-24).
23
Let o(l) = -16044*l + 224553. Give o(14).
-63
Let l(b) = -b**2 - 43387*b + 173581. Calculate l(4).
17
Let z(p) = p**3 - 310*p**2 - 14394*p - 120. Determine z(-41).
3
Let v(x) = -x**2 + 63336*x - 2531852. Determine v(40).
-12
Let s(q) = -2206*q - 8621. Calculate s(-4).
203
Let i(c) = 9304*c + 50813. Give i(-6).
-5011
Let s(g) = -3*g**3 + 205*g**2 - 239*g + 25995. Calculate s(69).
-18
Let z(k) = 4*k**2 - 5955*k - 1519148. What is z(-222)?
-2
Let h(v) = -v**3 - 33*v**2 - 85*v - 1110. What is h(-25)?
-3985
Let i(q) = -q**3 + 32*q**2 + 639*q + 937. Determine i(-12).
-395
Let f(j) = 2*j**3 + 111*j**2 - 73*j - 984. Calculate f(-56).
-32
Let p(d) = 5364*d - 3137935. Determine p(585).
5
Let f(h) = -2902*h + 25196. Determine f(9).
-922
Let i(x) = 2131*x - 19101. Calculate i(9).
78
Let m(g) = 5*g**2 - 5225*g + 87458. What is m(17)?
78
Let o(s) = -17*s**2 + 793*s + 7434. Give o(-8).
2
Let m(k) = 8706*k**2 + 87061*k + 32. What is m(-10)?
22
Let d(u) = -11807*u - 259758. Determine d(-22).
-4
Let u(p) = 1001*p + 13993. Determine u(-14).
-21
Let k(q) = -221*q**2 - 73591*q + 655. Determine k(-333).
-11
Let h(s) = -34*s**3 - 1455*s**2 + 6724*s + 124. Give h(-47).
-17
Let y(w) = -41*w - 191. Determine y(23).
-1134
Let h(l) = 3*l**3 + 1472*l**2 - 4948*l - 3958. What is h(-494)?
-6
Let v(a) = a**2 - 91032*a - 1274634. Calculate v(-14).
10
Let u(m) = 3*m**2 + 225*m + 5781. What is u(-38)?
1563
Let t(b) = -22*b**3 - 149*b**2 + 265*b - 1581. Determine t(-9).
3
Let t(y) = 27*y**2 - 46613*y + 139840. What is t(3)?
244
Let l(u) = 4*u**2 + 39*u - 2352. Calculate l(20).
28
Let x(p) = 2*p**3 + 79*p**2 - 234*p - 1034. What is x(-42)?
-26
Let c(m) = -183210*m + 916046. Give c(5).
-4
Let o(g) = 3266*g - 35941. What is o(11)?
-15
Let w(p) = 66*p**3 - 396*p**2 - 10*p + 74. What is w(6)?
14
Let w(v) = 94*v - 1590. Give w(23).
572
Let c(m) = 8679*m**2 - 468672*m + 318. What is c(54)?
-6
Let r(i) = i**3 - 5*i**2 + 1824*i - 10811. Determine r(6).
169
Let h(d) = -5*d**3 - 52*d**2 - 71*d - 66. Give h(-9).
6
Let b(d) = -24927*d + 24962. Give b(1).
35
Let u(g) = -10291*g - 30882. Give u(-3).
-9
Let y(t) = t**3 + 30*t**2 - 310*t + 129. Determine y(8).
81
Let k(s) = -s**3 + 21*s**2 + 1041*s - 513. What is k(-23)?
-1180
Let s(w) = 2*w**2 - 178*w - 88949. What is s(-171)?
-29
Let v(f) = f**2 + 54*f - 4000. Calculate v(43).
171
Let n(b) = -175*b**2 - 118*b + 17. What is n(-3)?
-1204
Let b(k) = 305*k**2 + 40260*k 